). Let u = 858 - 824. Calculate the highest common divisor of u and m.
17
Suppose -3*f = -6*f + c + 22, 0 = -3*c + 6. What is the highest common factor of 320 and f?
8
Suppose 0 = 256*r + 18*r - 4932. What is the greatest common factor of 346 and r?
2
Suppose -z + 594*n + 70 = 599*n, 3*z + 3*n = 294. What is the greatest common divisor of 50 and z?
5
Let h(q) = -q - 3. Let g be h(-7). Suppose -10 = -3*z - 5*l, -g*z + 2*l + 26 = -22. Let n = 19797 - 19667. What is the highest common divisor of z and n?
10
Let a = -62275 + 62446. Let d = 64 + -26. Let h = 57 - d. Calculate the greatest common divisor of h and a.
19
Suppose -6*d - 7*d + 18*d = 0. Suppose -4*f - 2*u + 604 = d, f - 140 = 7*u - 2*u. Calculate the highest common divisor of 25 and f.
25
Suppose 25*a - 16*h = 26*a - 228, 4*a - 660 = -h. Suppose 5*q - 248 = 3*c - 637, -c + 111 = 3*q. What is the highest common divisor of a and c?
41
Let t(r) = r**2 - 9*r + 9. Let n be t(11). Calculate the greatest common divisor of 31 and n.
31
Let q be (5/(-3) - (-4726)/51)*197. What is the greatest common divisor of 91 and q?
91
Let c(g) = g**2 - g - 27. Let f be c(-5). Suppose z - 133 = -2*x - 7, -5*x = f*z - 316. Let a = x + -50. Calculate the greatest common divisor of a and 42.
6
Let r be (-16)/((-393)/288 - ((-32)/6)/4). Calculate the greatest common divisor of r and 8.
8
Let z = -529 - -564. Suppose z*h = 38 - 3. What is the highest common factor of h and 29?
1
Suppose 17*x - 100 = 7*x. Calculate the highest common factor of x and 128.
2
Let c = 311 + 258. Let x = c + -407. Calculate the greatest common divisor of 90 and x.
18
Let w be ((-430)/50 - -8) + (-1404)/(-15). Calculate the highest common factor of w and 341.
31
Suppose a = 10*r - 13*r - 17, -4*r + 4*a = -4. Let i be (-22)/(-44) + (-6)/r. Calculate the greatest common divisor of i and 18.
2
Let n(a) = -122*a + 2. Suppose -8*f - 6 = -5*f. Let g be n(f). Calculate the highest common factor of 6 and g.
6
Suppose -8*y + 7 + 25 = 0. Let d be -4 + (y - (-12)/4). What is the greatest common factor of d and 9?
3
Let m = 5390 + -5366. What is the greatest common factor of 6048 and m?
24
Let w be 1 - 246/21 - (-2)/(-7). Let p(u) = -u**2 - 24*u + 21. Let c be p(w). Suppose -12*z = -14*z + c. What is the highest common factor of z and 205?
41
Let f(i) = 3*i**2 + 8*i + 6. Let w be f(10). Let y be (-6)/((-48)/w) + (-1)/4. What is the greatest common factor of y and 672?
48
Suppose -4*k - 24*t + 612 = -22*t, -k - 2*t = -147. Let u(v) = v**2 + v + 1. Let m be u(-6). Calculate the highest common divisor of m and k.
31
Suppose 4*o = 43*a - 42*a - 5, 0 = 3*a + 4*o - 15. Suppose -2*i = -a*z + 388, -4*z + 4*i + 309 = i. What is the highest common factor of z and 78?
78
Suppose 792*w + 1913 - 383 = 826*w. What is the highest common divisor of 415 and w?
5
Let n be (1/(-2))/(23/16146). Let v = n + 389. What is the highest common factor of v and 361?
19
Let u = -3798 - -3828. What is the greatest common divisor of u and 4000?
10
Let b be (-2)/(-33) + ((-88)/(-726))/(2/23363). What is the greatest common factor of 96 and b?
24
Suppose -1879*v + 177 = -1875*v + 5*d, 2*d = -2*v + 86. Let q(p) = 20*p**2 + 4*p - 7. Let b be q(5). What is the highest common divisor of v and b?
19
Suppose -7*z + 68 + 114 = 0. Suppose z*o - 837 = 645. What is the greatest common divisor of o and 3?
3
Let q be (11 - 546/49)*-5551. Calculate the greatest common factor of q and 671.
61
Let l(m) = -4 + 64*m + 8 + 47 + 53 + 5. Let k be l(5). Calculate the greatest common factor of 78 and k.
39
Suppose -4*z + 985 = -556*a + 559*a, -a = -5*z + 1255. What is the highest common factor of 2 and z?
2
Let z(j) = 13*j**2 - 4*j + 3. Let i be z(1). Let v be (-4)/2 - i/9*-24. What is the highest common factor of 90 and v?
30
Let k = -1115 + 1071. Let d be (-11)/(k/(-364))*-1. Suppose 26 = 4*i - o - 79, -2*i - 5*o = -47. Calculate the greatest common factor of d and i.
13
Let z = -18616 - -19136. Calculate the highest common divisor of 30 and z.
10
Suppose -3*i = -15*v + 12*v + 30, 2*v = i + 18. Calculate the highest common divisor of 2792 and v.
8
Suppose 5*t - 215 = -2*o, -5*t + 2*o + 3*o + 250 = 0. What is the greatest common divisor of 480 and t?
15
Let a = 3 + -1. Let g be (-3 + 66)*(36/630)/(3/15). What is the greatest common divisor of a and g?
2
Let r(g) = -9*g + 61. Let a be r(8). Let s(q) = -q**2 - 10*q + 45. Let x be s(a). What is the greatest common factor of 578 and x?
34
Let m be ((0/(-1))/1)/(20 - 22). Suppose 15*b - 863 + 263 = m. What is the greatest common divisor of b and 160?
40
Suppose 5*r = 4*v - 523, 5*r = 2*r - 5*v - 299. Let t = 224 - r. What is the greatest common divisor of 545 and t?
109
Let t(z) be the third derivative of -z**4/6 - 13*z**3/3 + 86*z**2. Let a be t(-22). Calculate the greatest common divisor of 558 and a.
62
Let j be ((-32)/10)/(18/(-405)). Suppose -j = -3*v - 3*v. Let r be -4*12/(4 + 2)*-1. Calculate the highest common factor of r and v.
4
Let c = -114 + 133. Let g be (2 - 6) + c + 0. What is the greatest common divisor of 75 and g?
15
Let a(w) = 28*w**3 - 81*w**2 + 219*w - 652. Let u be a(3). Let n(z) = 61*z**2 + 3*z + 4. Let h be n(4). What is the highest common factor of u and h?
32
Let d(t) = 4*t**2 + 5*t - 6. Let g be d(4). Suppose -5*h - 4*i + 129 = -74, -5*h + 205 = 5*i. What is the greatest common divisor of g and h?
39
Let j be 5*176268/540 - (-1)/(-9). Suppose 20*o + 4*o - j = 0. Calculate the highest common divisor of o and 187.
17
Let u(i) = i**3 - 4*i**2 + 3*i + 3. Let z be u(3). Let n be 5*(z/12 - (-214)/40). Let g = 27 + -20. Calculate the highest common divisor of n and g.
7
Let s(m) = 16*m + 4. Let f be s(-7). Let n = -63 - f. Let o be 18 + -1*(-5 - -18). What is the highest common factor of o and n?
5
Suppose m - 6*m + 19 = 3*f, 5*f = 2*m - 20. Suppose 5*q = y + 1172 + 230, -m*y = 2*q - 550. Calculate the greatest common divisor of q and 112.
56
Suppose -4*v - 2*b + 34234 = 0, 11*b - 12 = 15*b. What is the greatest common divisor of 16 and v?
16
Suppose 18*u - 92 - 214 = 0. Let d(r) = r + 11. Let i be d(-10). Calculate the greatest common divisor of i and u.
1
Let s be (-30)/15 + -4 + 116. Let u be (-6)/4 - 189/(-6). Calculate the greatest common factor of s and u.
10
Let d be ((-51)/(-34))/(6/896). Let l = 786 - 758. Calculate the highest common divisor of l and d.
28
Suppose q - v - 208 = -6*v, 4*v - 416 = -2*q. Let i be 5*(-8)/(-20) + (181 - 1). Suppose 8*t - t = i. Calculate the highest common divisor of t and q.
26
Let f be 12 + 10 + -21 + 1*394. What is the highest common factor of f and 170?
5
Let n(g) = -2*g + 14. Let j be n(-10). Let h(m) = -2*m**3 - 9*m**2 - 16*m - 29. Let y be h(-4). Let w = j - y. Calculate the highest common factor of 60 and w.
15
Let r(p) = 9*p**2 - 210*p - 52. Let d be r(25). Calculate the highest common factor of 459 and d.
17
Let t = 20298 + -20232. Calculate the greatest common divisor of 19074 and t.
66
Let z be (9 + 183)*-1*(-1)/2. What is the highest common factor of 1536 and z?
96
Let b be (76/57)/((-10)/(-45)). Calculate the highest common divisor of b and 501.
3
Let r be 26 - (-2)/(-1) - (-3 - -1). Suppose -r = q - 29. Let x be (0 - -4) + -1 + 0. Calculate the highest common divisor of q and x.
3
Let m be (-13)/(11/770*-7). What is the greatest common factor of 230 and m?
10
Let b = 1395 - 789. Calculate the greatest common divisor of b and 30.
6
Let h(m) = -2*m**2 - 6*m + 3. Let l be h(-3). Suppose 2*a + 25 = -l*p + 30, -5*p + 5*a = 0. Calculate the highest common factor of 11 and p.
1
Suppose -216073 = -41*c - 214761. Let o be 25 + -2 + (-1 - -2). Calculate the highest common factor of o and c.
8
Suppose 70054 = 33*p + 12139. What is the highest common divisor of 3120 and p?
195
Suppose 240 = 688*o - 682*o. Calculate the highest common divisor of o and 1130.
10
Let m(a) = a**2 + 11*a - 122. Let s be m(-18). Suppose -245 = -s*p + 259. What is the greatest common factor of 567 and p?
63
Let g be 49*45/9*(-24)/(-20). Calculate the greatest common factor of 3969 and g.
147
Suppose 16*x - 291898 = -86666. What is the highest common divisor of 101 and x?
101
Let b be ((-72)/16 - -7)*(144/(-10))/(-3). Calculate the highest common divisor of 405 and b.
3
Let n(d) = -d**3 + 4*d**2 - 2*d - 45. Let m be